ed by 16.
10
Let c(h) = -h - 5. Let o be c(-5). Suppose 0*n + n - 8 = o. Suppose 3*g - 6 - 6 = 0, -5*p + 2*g = -547. Calculate the remainder when p is divided by n.
7
Let b = -136 - -133. Calculate the remainder when 130 is divided by ((-3)/b)/((-12)/(-60)) + 17.
20
What is the remainder when (-28148)/(-14)*4/((-8)/(-7)) is divided by 10?
7
Let q be (-33)/(-22) + 6*1/4. Calculate the remainder when 115 is divided by 4*8 - (-2 - (-2 - q)).
28
Let n = 13131 + -13120. Suppose -4*a + 20 = 8. Suppose 2*r + a*r - 100 = 0. Calculate the remainder when r is divided by n.
9
Suppose -2*z + 0*s = -2*s - 942, 4*s + 950 = 2*z. Suppose v = -11*l + 12*l - z, -5*l = -4*v - 2332. What is the remainder when l is divided by 31?
30
What is the remainder when (5490/(-12))/(30/(-200)) is divided by 23?
14
Let x(u) = -138*u - 2193. What is the remainder when 283 is divided by x(-17)?
130
Let l(a) = a**3 - 39*a**2 - 39*a - 21. Let h(n) = -n**2 - 10*n - 21. Let u be h(-6). What is the remainder when l(40) is divided by (-14)/(-3)*u/2?
5
Let l = 511 + -441. Calculate the remainder when 12*(6 + 1030/60) is divided by l.
68
Let t(v) = 32*v - 19. What is the remainder when t(5) is divided by 22/66 - (-38)/3?
11
What is the remainder when 1247 is divided by ((-537)/18)/((-161)/966)?
173
Calculate the remainder when 1183 is divided by (-18696)/(-112) - (3 + 6)/(-126).
14
Let o = 29 - 32. Calculate the remainder when 22 - -8 - o/1*-1 is divided by (-24)/(-6) + 6 - -4.
13
Let b(y) = y**3 + 15*y**2 - 15*y - 18. Let z be b(-15). Let l = -139 + z. Suppose 2*n = -2*n + 80. What is the remainder when l is divided by n?
8
Let l be ((-476)/(-16))/(4/(-32)). Let m = l + 270. Calculate the remainder when 124 is divided by m.
28
Let g(c) = -71*c + 5117. Calculate the remainder when 1452 is divided by g(72).
2
Let f be 33/9 + 4/12. Suppose -f = 5*m - 6*m - 4*z, -5*m - 26 = -3*z. Let g(u) = u**2 - 4. Calculate the remainder when 46 is divided by g(m).
10
Suppose 37*x = 32*x - 75. Let i be (6/x)/(((-6)/5)/3). What is the remainder when 3 - (i - 5 - 146) is divided by 39?
36
Let p(d) = d**2 - d - 261. Let i be p(25). Suppose -i = -22*k + 12839. What is the remainder when k is divided by 60?
59
Suppose -17725 = -292*x - 3417. Calculate the remainder when (-12)/8*(-39 + 1) is divided by x.
8
Let w(d) = -57*d. Suppose 7*g - 18 - 24 = 0. Let a be (4/g)/(22/(-33)). Calculate the remainder when w(a) is divided by 10.
7
Let x = -366 + 241. Let q = x + 159. Calculate the remainder when q is divided by 9.
7
Let g(b) = b**3 + 9*b**2 - 24*b - 1. Suppose -17*l = 85 + 102. Calculate the remainder when 37 is divided by g(l).
16
Let v(i) be the first derivative of 9*i**2/2 - 85*i - 350. Suppose 5*z + 11 = -m, 2*m + 7 = z - 6*z. Calculate the remainder when v(11) is divided by m.
2
Let d = 6694 - 6307. Calculate the remainder when 1195 is divided by d.
34
Suppose -2*h - h = -105. Let f = -33 + h. Suppose f*y = -3*y + 45. Calculate the remainder when 44 is divided by y.
8
Let t(r) = -2*r**2 - 32*r - 35. Let b be -3 - (15 - (5 - -1)). What is the remainder when 174 is divided by t(b)?
52
Let y(z) = -2*z**2 + 32*z + 243. Calculate the remainder when 264 is divided by y(-5).
0
Suppose -3*c + 4896 = 3*l, -30*l = -4*c - 27*l + 6486. What is the remainder when c is divided by 812?
2
Let p = 1 - 21. Let y(o) = 7*o**3 - 2*o**2 - 4*o + 5. Calculate the remainder when (19 + -13)/((-6)/p) is divided by y(1).
2
Let h(f) = -29*f**2 - 62 + 6 + 20*f**2 + 17*f**2 + 2*f**3 - f**3 - 23*f. What is the remainder when 127 is divided by h(-9)?
57
Let t(z) = -35*z - 87. Let c be t(5). Let k = 465 + c. Calculate the remainder when k is divided by 19.
13
Let t(l) = -l**3 - 13*l**2 + 156*l + 90. What is the remainder when t(-22) is divided by 49?
34
Suppose -67*z - 255*z = 19*z - 6820. Let r(i) = 25*i - 3. What is the remainder when r(4) is divided by z?
17
Suppose -7371 = -2*r + 3*r - 10*r. Calculate the remainder when 819 is divided by r.
0
Suppose 5*y - q - 69 = 0, 3 = -q - 1. Let j(z) = 9*z + z**2 - z + 9*z + 47. Calculate the remainder when y is divided by j(-14).
3
Suppose -2*z = -7*z + 15. Suppose -18*b - 14 + 217 = -157. Calculate the remainder when 52 is divided by 132/b - -1 - z/5.
3
Suppose -1121*d + 1046*d + 12150 = 0. What is the remainder when 2267 is divided by d?
161
Suppose 36*u - 41*u + 3*t + 3276 = 0, -2*u + 4*t = -1330. Calculate the remainder when u is divided by 109.
106
Suppose 5*r + 91 = j - 69, -2*r = -j + 64. Let i = r - -35. Suppose -2*l + 3*c + 21 = 0, 2*l + 2*l = -i*c + 51. What is the remainder when 23 is divided by l?
11
Let x(d) = -d**2 - 11*d - 27. Let y be x(-6). Calculate the remainder when 9 is divided by (-4)/36*y*-12.
1
Let l = -97 + 90. Calculate the remainder when 77 is divided by 5 + l - (-7 + -3).
5
What is the remainder when 502 is divided by (-6)/(-10)*(60/(-15) - (-3170)/30)?
14
Calculate the remainder when 1168 is divided by 26/39 + 28/3 + 0.
8
Suppose -17*x - 65 = 105. Let y(u) = -22*u - 41. Let b(q) = -q. Let a(i) = -5*b(i) + y(i). What is the remainder when a(x) is divided by 13?
12
Let d(t) = t**2 - 15*t - 14. Suppose x - 22 = -3*s - s, 2*x - 3*s - 55 = 0. What is the remainder when d(27) is divided by x?
24
Let b = 326 + -299. Suppose -b*a = -21*a - 984. What is the remainder when a is divided by 14?
10
Let m(c) = 55*c - 263. Let q be m(5). Suppose -3*t + 4*p + 22 = -p, -2*p - 16 = -2*t. What is the remainder when 16 is divided by 100/q - (-1 + 12/t)?
0
Suppose -5 = -3*y + 1, 4*a - 1350 = -y. Let r = a - 335. What is the remainder when 6 is divided by r?
0
Let a(y) = -5 - y**2 - 11*y - 9 + 17 + 30. Suppose 0 = -n + 5*t + 18, 4*t = 3*n - 28 - 37. Calculate the remainder when a(-10) is divided by n.
20
Let l(q) = -q**2 + 4*q + 89. Let x be l(0). Suppose 10 = -2*v, -4*o - 14*v + x = -11*v. Calculate the remainder when 439 is divided by o.
23
Suppose 0 = 5*a - 1656 - 844. Suppose a - 90 = 5*d. What is the remainder when d is divided by 17?
14
Suppose 899*k - 36 = 881*k. Calculate the remainder when k is divided by 2.
0
Suppose 207*c - 186*c - 4158 = 0. Calculate the remainder when c is divided by 63.
9
Suppose 2*t - 22*o = -19*o + 7434, 4*t - 5*o - 14870 = 0. Calculate the remainder when t is divided by 47.
7
Let o = -44 + 48. Suppose -o*w + 44 = -60. Suppose 5 = -4*k - d + w, 0 = 4*k - 3*d - 1. Calculate the remainder when 16 is divided by k.
0
Suppose -84 = -2*t + 3*m, t - 31 = 2*m + 11. Let l be (-3)/21 - (-174)/t. Suppose 0 = l*a - 3*a - 79. What is the remainder when a is divided by 9?
7
Let n(x) = -4*x**3 + 655*x**2 + 170*x - 831. Calculate the remainder when 572 is divided by n(164).
113
Suppose 0 = -5*f + 3*o + 462, 38*f - 43*f + 467 = 2*o. What is the remainder when 93 is divided by f?
0
Suppose -3*u = 12*u + 179 - 419. What is the remainder when 968 is divided by u?
8
Suppose 21 = u - 5*o, u - 2 - 1 = -o. Suppose -6*q + 672 = u*q. Calculate the remainder when q is divided by 19.
18
Let n(k) = -k**3 + 22*k**2 + 51*k - 65. Let s be n(24). What is the remainder when (-4 - (-1946)/s) + -4 is divided by 28?
18
What is the remainder when 409 is divided by (166/3)/(-5 + (-220)/(-15) + -9)?
77
Let s be (-3 + (-54)/(-14))/((-39)/(-182)). Calculate the remainder when (s/(-6))/(1/(-54)) is divided by 16.
4
Suppose 7*h - 4*h + 5*m - 61 = 0, -3*h - 2*m + 46 = 0. What is the remainder when 113 is divided by (4/(-4))/((-3)/h)?
1
Let c(n) = -11*n**2 - 220*n + 130. Let v = 26 - 15. Suppose r - 11 = v. Calculate the remainder when c(-20) is divided by r.
20
Let f be (-187 + -1)/2 + -3. Let o(g) = 57*g + 255. Let z be o(-6). Let q = z - f. What is the remainder when 19 is divided by q?
9
Suppose 0 = 5*j - j - 2*r + 40, -40 = 4*j + 5*r. Let g = j + 23. Let p = g - 1. Calculate the remainder when 69 is divided by p.
9
Let m be (-18)/99 - 1190/(-11). What is the remainder when 214 is divided by (6/12)/(2/m)?
25
Let y(o) = 2*o**2 - 450*o - 1332. Calculate the remainder when 9753 is divided by y(-3).
33
Suppose -7*t + 277 = 95. Suppose t*v - 6501 = -2237. What is the remainder when v is divided by 42?
38
Let i = -15 + 17. Suppose -8*c + i*c - 6 = 0. Let m(n) = -34*n. What is the remainder when 65 is divided by m(c)?
31
Let q = -187 - -267. What is the remainder when q is divided by 41?
39
Calcu